rmine r(-8).
19
Let d(n) be the third derivative of 0*n + 0 - 1/24*n**4 - 5/2*n**3 - 248*n**2. Calculate d(-8).
-7
Suppose 37 = 7*z - 47. Suppose 2*j - z = -2*i, i = -2*j + 8 - 0. Let m(u) = 3*u - 3 + 4 + j + 1. Determine m(-4).
-8
Let b(t) = -18*t - 112 + 141 + 64 + t**2 - 4*t. Give b(5).
8
Let k(d) = -54*d**3 + 27*d**2 + 3*d + 7. Let r(s) = -5*s**3 + s**2. Let c(l) = k(l) - 11*r(l). What is c(-16)?
-41
Let r = 14 - 9. Let y(w) = w**2 - 3*w + 8. Let o(q) = -2*q - 1. Suppose -2*b = 4*d - 2, -1 + 6 = -b + 4*d. Let u(c) = b*y(c) - 2*o(c). Give u(r).
4
Let g be (-3)/6*(24 + -13 - -1). Let a(b) be the first derivative of -b**3/3 - 7*b**2 - 3*b + 12. What is a(g)?
45
Suppose 640*r = 175*r + 5121 - 936. Let f(u) = 3*u - 6. Let j(z) = -16*z + 29. Let t(m) = 22*f(m) + 4*j(m). What is t(r)?
2
Let t(g) = 4*g**2 + g - 1. Let h be 1581/6 + (-4 - (-44)/8). Suppose h + 25 = -10*r. Let l(w) = 2*w + 59. Let u be l(r). Give t(u).
4
Let l(i) = -7*i**2 - i - 80. Let w(n) = -8*n**2 - n - 76. Let s(r) = -7*l(r) + 6*w(r). Give s(0).
104
Let l(m) = -8*m**2 + 18*m - 16. Let t be l(9). Let h = t + 503. Let r(x) = -24*x**2 - 2*x + 1. Give r(h).
-25
Suppose 0 = 2*v + 2*r + 1104, 6*r - r = -3*v - 1660. Let i be 152/(-1596) - v/42. Let n(w) = -w + 4. Calculate n(i).
-9
Let h(o) = 6*o**2 - 3*o - 2. Let d(l) = -7*l**2 - 5*l + 5. Let u(t) = -4*t**2 - 3*t + 3. Let g(b) = 3*d(b) - 5*u(b). Let k(a) = -5*g(a) - h(a). Calculate k(4).
-2
Suppose 3*g - 9*b + 14*b = 21, -4*b + 2 = -5*g. Let j(h) = 1 + 2*h + g*h - 3*h - 2*h - 3*h. Let o = 7 - 12. What is j(o)?
21
Let o(i) = 2*i**3 - i. Let n be 470/(-14) - (-68)/119. Let h = 35 + n. Suppose -h*q + 10 = 2*w - 0*q, -3*q + 13 = w. Calculate o(w).
1
Let r(v) = 2*v**2 + 19*v + 58. Let t(j) = -4*j**2 - 37*j - 126. Let d(n) = -7*r(n) - 3*t(n). Give d(-10).
-8
Suppose 0*u = -8*u. Let p(x) = u - 4 - 343*x + 352*x - x**2. Let j = 12 + -6. What is p(j)?
14
Suppose -5*p + 5*j = -190, 2*j - 3*j + 166 = 5*p. Let k(l) = -35 - p + 2*l**2 + 75 - 12*l. Let u be k(5). Let y(h) = h**2 + 4*h + 6. Determine y(u).
6
Let m(c) be the first derivative of 5*c**2/2 + 46*c - 1013. Calculate m(-10).
-4
Let o(v) = 25 + 6*v + 400*v**2 + 429*v**2 - 830*v**2 + 2. Give o(8).
11
Suppose -5*o - 2*a - 8 = -0*o, 9 = -3*o + 3*a. Suppose 0 = 36*v - 41*v + 5. Let b be -2*v/(-4)*8*o. Let k(m) = m**3 + 9*m**2 + 6*m - 11. What is k(b)?
5
Let h = -263 - -267. Let i(o) = -h*o**3 + o + 5*o + 3*o**3 + o - 10*o**2 + 4*o - 2. Give i(-11).
-2
Let a be (-22)/6 - 122/(-183). Let l(g) = g**3 + 5*g**2 + 2*g - 1. Give l(a).
11
Let l(o) = 19*o**2 + 3*o. Let m(g) = -5*g**2 + 11*g**2 + 16*g**2 + 4*g - 4*g**2. Let v(n) = 5*l(n) - 4*m(n). What is v(-1)?
24
Let m(i) = 3*i**3 - 31*i**2 - 6*i - 161. Let j be m(11). Let y(d) = d**3 - 16*d**2 + 10*d + 22. Calculate y(j).
-53
Let b(y) = 2*y**3 - 2. Let s(i) = -i**2 + 3*i + 1. Suppose 3*c + 2*a = -a + 9, -4*a + 14 = 5*c. Let d be s(c). Let n be 2 - (8 - d)*1 - -5. Calculate b(n).
14
Let l = -6088 - -6092. Let z(r) = -r**3 + 3*r**2 + 7*r - 16. What is z(l)?
-4
Suppose 0 = -u - 7 + 9. Let h(f) = 7*f - 4 + 7*f**u - 7*f**2 - f**2. What is h(6)?
2
Let h(f) be the first derivative of -7*f**3/3 + f**2/2 + 7*f - 1712. Calculate h(3).
-53
Let g(x) be the third derivative of -37*x**4/24 + 15*x**3/2 + 7*x**2 + 2*x + 55. Give g(1).
8
Let y(i) be the third derivative of i**5/60 - i**4/4 - 2*i**3/3 - 161*i**2 - 292. Let m = -11 - -7. Let x be (-1)/m + (-31)/(-4). Calculate y(x).
12
Let m(g) = -g**3 - 4*g**2 + 1. Suppose -2*b + 25*b - 69 = 0. Suppose b*y = 23 - 32. Give m(y).
-8
Let z(n) be the third derivative of n**5/60 - 23*n**2 + 3. Let a be (3 - 6/2)/1. What is z(a)?
0
Let f(t) be the first derivative of -t**4/2 + t**3/3 + 2*t**2 - 4*t - 884. Determine f(-2).
8
Suppose 4*z + 5*i - 42 = 0, -5*z + 5*i = 78 - 63. Let x(a) be the first derivative of -3*a**z + 1/4*a**4 + 0*a + 4*a**2 - 26. Determine x(8).
0
Let r(i) = 4*i**2 + 5*i - 4. Let y be 1180/(-3835) - (-56)/13. What is r(y)?
80
Let t(a) = a**3 + 9*a**2 + a + 4. Let b(z) be the first derivative of -11/2*z**2 + 33*z - 1/3*z**3 - 25. Let y be b(-14). Calculate t(y).
-5
Let j(c) = -10*c - 89. Let t(x) = 2*x**2 + 53*x + 66. Let g be t(-25). Determine j(g).
1
Let y(s) = -s**2 - 9*s + 16. Let l = 2201 - 2212. Give y(l).
-6
Suppose 5*v = 20, -4*l - 2*v + 23 = -l. Suppose 0 = 3*f - 8*i + 4*i - 26, -5*f - 3*i - l = 0. Let q(x) = 63*x - 63*x + x**3 - 2*x**2 + 2. What is q(f)?
2
Let o(s) be the first derivative of 0*s + 0*s**4 - 1/120*s**6 + 1/2*s**3 - 7 - 3/2*s**2 + 1/15*s**5. Let h(z) be the second derivative of o(z). Calculate h(4).
3
Let p(s) = -9*s**2 - 4*s + 36. Let o(g) = -3*g**2 - g + 8. Let y(f) = 4*o(f) - p(f). Give y(-2).
-16
Let v(b) = -b**2 + 2*b - 1. Let p(d) = -14*d - 85. Let r(l) = 21*l + 128. Let f(s) = 7*p(s) + 5*r(s). Let i be f(-6). Suppose 2*m = 11 - i. Determine v(m).
-9
Let i be 3/(24/(-178))*(-4 + 8). Let t = 92 + i. Suppose t*d = g + 2*g + 3, g = 4*d - 13. Let p(o) = o**3 - 5*o**2 + 5*o + 2. What is p(d)?
6
Let h(b) = b**2 - 11*b - 122. Let m be h(-7). Suppose 0 = -5*i + 3*r - 18, -m*r = -i + 2 - 9. Let n(v) = -3*v + 1. Determine n(i).
10
Suppose 5*g + 3*u + 15 = 7*g, g - 25 = 4*u. Let k(i) = 2*i**3 - 2*i**2 + 2*i. Calculate k(g).
-78
Let f = 20 + -17. Suppose -5*i - 17 = -f*y, 2*y + 0*y = 3*i + 11. Let v(j) = 5*j - 3. Calculate v(y).
17
Let w(l) = l**3 - 3*l**2 - l - 4. Let f be ((-44)/(-8))/((-3)/(-42)). Suppose 0 = -6*j - 515 + f. Let h = j + 76. What is w(h)?
-7
Let z(k) = -6*k**3 - 15*k**2 - 4*k - 10. Let g = 60 - 59. Let h(l) = l**3 + 2*l**2 + 2. Let n(o) = g*z(o) + 5*h(o). Suppose 0 = -0*s + s + 4. What is n(s)?
0
Let f(y) = 3*y - 29. Let z(b) = b - 10. Let q(i) = -4*f(i) + 11*z(i). Suppose -2*m + 6 = -4*g + 5*g, 5*m - 12 = -g. Determine q(m).
4
Let h(j) = -j**3 - j**2 + j + 2. Let i = 733 - 509. Let n = -154 + i. Let w = n + -70. Determine h(w).
2
Let c(v) = -2*v**2 + 31*v + 20. Let j be 124/20 - (-12)/15. Let h be j + -3 + 18 + -6. Calculate c(h).
4
Let f(u) = -2*u**2. Let c(a) = a - 1. Let k be (-18)/12*5/(45/(-156)). Suppose -30 = 4*s - k. Let y(h) = s*f(h) + 2*c(h). Give y(-2).
2
Let q(u) = -3*u**3 - 23*u**2 + 5*u - 16. Let m be q(-8). Suppose 0 = 4*s - 3*z + m, -3*s - 4*z = -0*z + 31. Let r(x) = x**3 + 5*x**2 - x. Give r(s).
5
Let f be (2 - 2)*(18 - (-1335)/(-75)). Let x(h) = -2*h**3 + h - 2. Give x(f).
-2
Let t(j) be the first derivative of 0*j - 43 + 3/2*j**2 + 2/3*j**3. What is t(-2)?
2
Let o(q) be the third derivative of 0*q + 3*q**2 + 0 + 5/3*q**3 - 1/12*q**4. Give o(5).
0
Suppose 930 = 205*x - 199*x. Let f(m) = -5*m + 175 - x + 3*m. Give f(7).
6
Let j(v) be the third derivative of v**6/120 + 11*v**5/60 - v**4/8 + v**3 + 2*v**2 - 1055. Give j(-11).
39
Let i(q) = q**3 + q**2 - 8 + q - q. Suppose -2 - 1 = -3*n, -5 = -3*t + 4*n. Suppose 4*h = 0, 0 = -3*p + 4*h - t*h. Calculate i(p).
-8
Let i(y) = -10*y + 39 + 2*y - 7 - 8 + 3. Determine i(4).
-5
Suppose -293*x + 290*x = 1395. Let r be x/50 - (-3)/10. Let a(w) = w + 4. Give a(r).
-5
Suppose -12*m + 436 = -121*m. Let z(g) = -g - 12. Determine z(m).
-8
Let l(a) = a**2 - a + 5. Let z(u) be the second derivative of u**5/20 - u**4/2 - 5*u**3/6 - 7*u**2 - 3*u. Suppose 73 = -2*v + 87. Let i be z(v). Determine l(i).
5
Let r(a) = -a**2 - 8*a - 8. Let n(g) = 3*g - 12. Let b be n(5). Suppose 0 = -4*d - b*k + 5, 5 = -3*k - 2*k. Suppose d*m + 32 = 18. Give r(m).
-1
Let r(t) = -t. Let p(m) = -m + 19. Let c(d) = p(d) - 2*r(d). Let y(z) = z + 13. Let a(w) = -5*c(w) + 7*y(w). Determine a(-5).
-14
Let k(w) = -5*w**2 + 3*w**3 + 6 + 0*w**3 - 8*w - 2*w**3. Let u(m) = -4*m**2 + m. Let z be u(1). Let p be -1*z/(-1)*30/(-15). Determine k(p).
-6
Suppose -b - 2 = -2*f + f, 18 = 3*b + 3*f. Let n(u) = -8*u**3 + 0*u + b*u - 3*u. Suppose -1 = 5*q + 4. Calculate n(q).
9
Let m(c) = 7*c**3 + 16*c**2 - 11*c + 11. Let a(j) = j**3 - 5173*j**2 + 1 + 5173*j**2 - j + 2*j. Let p(d) = 6*a(d) - m(d). Determine p(-17).
-5
Let n(b) = b**3 - 30*b**2 - 27*b - 110. Let x be n(31). Let u(g) = 0 + 8*g - x + 1 - 2*g**2 + 12*g**2 + g**3. Determine u(-9).
-4
Let q(i) = 3*i - 18. Let u be q(8). Let x be (4 - (-258)/(-54)) + u/(-27). Let v(h) = 13*h**2 - 1. Give v(x).
12
Let f(w) = -4*w - 3. Let b be -4*(0 - (-5)/(-10)). Suppose 26 - 92 = h - b*r, 15 = 5*r. Let u = -64 - h. Calcul